{"id":373,"date":"2024-08-15T12:20:37","date_gmt":"2024-08-15T12:20:37","guid":{"rendered":"https:\/\/imovio.de\/?page_id=373"},"modified":"2024-11-28T11:03:52","modified_gmt":"2024-11-28T11:03:52","slug":"penny-grow-footer-2","status":"publish","type":"page","link":"https:\/\/imovio.de\/?page_id=373","title":{"rendered":"Impressum"},"content":{"rendered":"\t\t<div data-elementor-type=\"wp-page\" data-elementor-id=\"373\" class=\"elementor elementor-373\">\n\t\t\t\t<div class=\"elementor-element elementor-element-10f894e e-flex e-con-boxed e-con e-parent\" data-id=\"10f894e\" data-element_type=\"container\">\n\t\t\t\t\t<div class=\"e-con-inner\">\n\t\t\t\t<div class=\"elementor-element elementor-element-211f038 elementor-widget elementor-widget-heading\" data-id=\"211f038\" data-element_type=\"widget\" data-widget_type=\"heading.default\">\n\t\t\t\t<div class=\"elementor-widget-container\">\n\t\t\t\t\t<h2 class=\"elementor-heading-title elementor-size-default\">Impressum<\/h2>\t\t\t\t<\/div>\n\t\t\t\t<\/div>\n\t\t\t\t\t<\/div>\n\t\t\t\t<\/div>\n\t\t<div class=\"elementor-element elementor-element-40bebda e-flex e-con-boxed e-con e-parent\" data-id=\"40bebda\" data-element_type=\"container\">\n\t\t\t\t\t<div class=\"e-con-inner\">\n\t\t\t\t<div class=\"elementor-element elementor-element-c5ce18e elementor-widget elementor-widget-text-editor\" data-id=\"c5ce18e\" data-element_type=\"widget\" data-widget_type=\"text-editor.default\">\n\t\t\t\t<div class=\"elementor-widget-container\">\n\t\t\t\t\t\t\t\t\t<p style=\"font-weight: 400;\"><strong>imovio Immobilien<\/strong><\/p>\n<p style=\"font-weight: 400;\">S\u00f6ren Peithmann&nbsp;<\/p>\n<p style=\"font-weight: 400;\">K\u00f6hlterholz 15<\/p>\n<p style=\"font-weight: 400;\">32479 Hille<\/p>\n<p style=\"font-weight: 400;\"><strong>Kontaktdaten<\/strong><\/p>\n<p style=\"font-weight: 400;\">Telefon: 0151\/41323256<\/p>\n<p style=\"font-weight: 400;\">Email: peithmann@imovio.de<\/p>\n<p style=\"font-weight: 400;\">Internet: www.imovio.de<\/p>\n<p><strong>Rechtsform:<\/strong><\/p>\n<p>Einzelunternehmen<\/p>\n<p style=\"font-weight: 400;\"><strong>Steuernummer:&nbsp;<\/strong><span style=\"color: var( --e-global-color-text ); font-family: var( --e-global-typography-text-font-family ), Sans-serif; font-size: var( --e-global-typography-text-font-size ); font-weight: var( --e-global-typography-text-font-weight ); letter-spacing: var( --e-global-typography-text-letter-spacing ); word-spacing: var( --e-global-typography-text-word-spacing ); text-align: var(--text-align); background-color: var( --e-global-color-2f61f58 );\">335\/5170\/4483<\/span><\/p>\n<p style=\"font-weight: 400;\"><strong>Aufsichtsbeh\u00f6rde<\/strong><\/p>\n<p style=\"font-weight: 400;\">Erlaubnis nach \u00a734c der Gewerbeordnung erteilt durch<\/p>\n<p style=\"font-weight: 400;\">die IHK Hannover, Bischofsholer Damm 91, 30173 Hannover<\/p>\n<p style=\"font-weight: 400;\"><strong>Webdesign<\/strong><\/p>\n<p style=\"font-weight: 400;\"><a href=\"http:\/\/ewidento.de\" target=\"_blank\" rel=\"noopener\">ewidento Marketing<\/a><\/p>\n<p style=\"font-weight: 400;\"><a href=\"http:\/\/ewidento.de\" target=\"_blank\" rel=\"noopener\">ewidento.de<\/a><\/p>\n<p style=\"font-weight: 400;\"><strong>Haftungsausschluss:<\/strong><\/p>\n<p style=\"font-weight: 400;\"><strong>Haftung f\u00fcr Inhalte<\/strong><\/p>\n<p style=\"font-weight: 400;\">Als Dienstanbieter sind wir nach \u00a7 7 Abs. 1 TMG f\u00fcr eigene Inhalte auf diesen Seiten gem\u00e4\u00df den allgemeinen Gesetzen verantwortlich. Nach den \u00a7\u00a7 8 bis 10 TMG besteht jedoch keine Verpflichtung f\u00fcr uns, \u00fcbermittelte oder gespeicherte fremde Informationen zu \u00fcberwachen oder nach Hinweisen auf rechtswidrige Aktivit\u00e4ten zu suchen. Verpflichtungen zur Entfernung oder Sperrung der Nutzung von Informationen nach den allgemeinen Gesetzen bleiben davon unber\u00fchrt. Eine Haftung diesbez\u00fcglich tritt jedoch erst ab dem Zeitpunkt ein, an dem wir Kenntnis von einer konkreten Rechtsverletzung erhalten. Sobald uns entsprechende Rechtsverletzungen bekannt werden, werden wir die betroffenen Inhalte umgehend entfernen.<\/p>\n<p style=\"font-weight: 400;\"><strong>Haftung f\u00fcr Links<\/strong><\/p>\n<p style=\"font-weight: 400;\">Unsere Website enth\u00e4lt Links zu externen Webseiten Dritter, auf deren Inhalte wir keinen Einfluss haben. Daher k\u00f6nnen wir f\u00fcr diese fremden Inhalte keine Gew\u00e4hr \u00fcbernehmen. F\u00fcr die Inhalte der verlinkten Seiten ist stets der jeweilige Anbieter oder Betreiber verantwortlich. Die verlinkten Seiten wurden zum Zeitpunkt der Verlinkung auf m\u00f6gliche Rechtsverst\u00f6\u00dfe \u00fcberpr\u00fcft, und zum damaligen Zeitpunkt waren keine rechtswidrigen Inhalte erkennbar. Eine kontinuierliche inhaltliche Kontrolle der verlinkten Seiten ist jedoch ohne konkrete Anhaltspunkte einer Rechtsverletzung nicht zumutbar. Sobald uns Rechtsverletzungen bekannt werden, entfernen wir derartige Links umgehend.<\/p>\n<p style=\"font-weight: 400;\"><strong>Urheberrecht<\/strong><\/p>\n<p style=\"font-weight: 400;\">Die auf diesen Seiten von den Betreibern erstellten Inhalte und Werke unterliegen dem deutschen Urheberrecht. Jegliche Vervielf\u00e4ltigung, Bearbeitung, Verbreitung und Verwertung au\u00dferhalb der Grenzen des Urheberrechts bed\u00fcrfen der schriftlichen Zustimmung des jeweiligen Autors oder Erstellers. Downloads und Kopien dieser Seite sind nur f\u00fcr den privaten, nicht kommerziellen Gebrauch gestattet. Soweit Inhalte auf dieser Seite nicht vom Betreiber erstellt wurden, werden die Urheberrechte Dritter beachtet und solche Inhalte entsprechend gekennzeichnet. Sollten Sie dennoch auf eine Urheberrechtsverletzung aufmerksam werden, bitten wir um einen Hinweis. Bei Bekanntwerden von Rechtsverletzungen werden wir derartige Inhalte umgehend entfernen.<\/p>\n<p style=\"font-weight: 400;\"><strong>Verbraucherinformationen<\/strong><\/p>\n<p style=\"font-weight: 400;\">Gem\u00e4\u00df Art. 14 Abs. 1 ODR-VO: Die Europ\u00e4ische Kommission bietet eine Plattform zur Online-Streitbeilegung (OS) an, die unter folgendem Link erreichbar ist: [http:\/\/ec.europa.eu\/consumers\/odr](http:\/\/ec.europa.eu\/consumers\/odr).<\/p>\t\t\t\t\t\t\t\t<\/div>\n\t\t\t\t<\/div>\n\t\t\t\t\t<\/div>\n\t\t\t\t<\/div>\n\t\t\t\t<\/div>\n\t\t","protected":false},"excerpt":{"rendered":"<p>Impressum imovio Immobilien S\u00f6ren Peithmann&nbsp; K\u00f6hlterholz 15 32479 Hille Kontaktdaten Telefon: 0151\/41323256 Email: peithmann@imovio.de Internet: www.imovio.de Rechtsform: Einzelunternehmen Steuernummer:&nbsp;335\/5170\/4483 Aufsichtsbeh\u00f6rde Erlaubnis nach \u00a734c der Gewerbeordnung erteilt durch die IHK Hannover, Bischofsholer Damm 91, 30173 Hannover Webdesign ewidento Marketing ewidento.de Haftungsausschluss: Haftung f\u00fcr Inhalte Als Dienstanbieter sind wir nach \u00a7 7 Abs. 1 TMG f\u00fcr eigene [&hellip;]<\/p>\n","protected":false},"author":1,"featured_media":0,"parent":0,"menu_order":0,"comment_status":"closed","ping_status":"closed","template":"","meta":{"_monsterinsights_skip_tracking":false,"_monsterinsights_sitenote_active":false,"_monsterinsights_sitenote_note":"","_monsterinsights_sitenote_category":0,"footnotes":""},"class_list":["post-373","page","type-page","status-publish","hentry"],"_links":{"self":[{"href":"https:\/\/imovio.de\/index.php?rest_route=\/wp\/v2\/pages\/373","targetHints":{"allow":["GET"]}}],"collection":[{"href":"https:\/\/imovio.de\/index.php?rest_route=\/wp\/v2\/pages"}],"about":[{"href":"https:\/\/imovio.de\/index.php?rest_route=\/wp\/v2\/types\/page"}],"author":[{"embeddable":true,"href":"https:\/\/imovio.de\/index.php?rest_route=\/wp\/v2\/users\/1"}],"replies":[{"embeddable":true,"href":"https:\/\/imovio.de\/index.php?rest_route=%2Fwp%2Fv2%2Fcomments&post=373"}],"version-history":[{"count":31,"href":"https:\/\/imovio.de\/index.php?rest_route=\/wp\/v2\/pages\/373\/revisions"}],"predecessor-version":[{"id":781,"href":"https:\/\/imovio.de\/index.php?rest_route=\/wp\/v2\/pages\/373\/revisions\/781"}],"wp:attachment":[{"href":"https:\/\/imovio.de\/index.php?rest_route=%2Fwp%2Fv2%2Fmedia&parent=373"}],"curies":[{"name":"wp","href":"https:\/\/api.w.org\/{rel}","templated":true}]}}